{"id":2550,"date":"2023-08-22T18:06:39","date_gmt":"2023-08-22T16:06:39","guid":{"rendered":"https:\/\/immo-maklerfrei-formulare.de\/?page_id=2550"},"modified":"2023-11-25T18:44:55","modified_gmt":"2023-11-25T16:44:55","slug":"bilder-verkleinern","status":"publish","type":"page","link":"https:\/\/immo-maklerfrei-formulare.de\/?page_id=2550","title":{"rendered":"Bilder verkleinern PC"},"content":{"rendered":"<p>[et_pb_section fb_built=&#8220;1&#8243; _builder_version=&#8220;4.20.2&#8243; _module_preset=&#8220;default&#8220; background_image=&#8220;https:\/\/immo-maklerfrei-formulare.de\/wp-content\/uploads\/2023\/08\/bilder_verkleinern_3.jpg&#8220; height=&#8220;514px&#8220; global_colors_info=&#8220;{}&#8220;][et_pb_row _builder_version=&#8220;4.20.2&#8243; _module_preset=&#8220;default&#8220; global_colors_info=&#8220;{}&#8220;][et_pb_column type=&#8220;4_4&#8243; _builder_version=&#8220;4.20.2&#8243; _module_preset=&#8220;default&#8220; global_colors_info=&#8220;{}&#8220;][et_pb_image _builder_version=&#8220;4.20.2&#8243; _module_preset=&#8220;default&#8220; global_colors_info=&#8220;{}&#8220;][\/et_pb_image][\/et_pb_column][\/et_pb_row][\/et_pb_section][et_pb_section fb_built=&#8220;1&#8243; _builder_version=&#8220;4.20.2&#8243; _module_preset=&#8220;default&#8220; background_color=&#8220;#0C71C3&#8243; global_colors_info=&#8220;{}&#8220;][et_pb_row column_structure=&#8220;1_5,3_5,1_5&#8243; _builder_version=&#8220;4.20.2&#8243; _module_preset=&#8220;default&#8220; background_color=&#8220;#000000&#8243; width=&#8220;100%&#8220; custom_margin=&#8220;-39px||-39px||false|false&#8220; global_colors_info=&#8220;{}&#8220;][et_pb_column type=&#8220;1_5&#8243; _builder_version=&#8220;4.20.2&#8243; _module_preset=&#8220;default&#8220; global_colors_info=&#8220;{}&#8220;][\/et_pb_column][et_pb_column type=&#8220;3_5&#8243; _builder_version=&#8220;4.20.2&#8243; _module_preset=&#8220;default&#8220; global_colors_info=&#8220;{}&#8220;][et_pb_text _builder_version=&#8220;4.20.2&#8243; _module_preset=&#8220;default&#8220; text_font=&#8220;Aboreto|700|||||||&#8220; text_text_color=&#8220;#FFFFFF&#8220; text_font_size=&#8220;25px&#8220; module_alignment=&#8220;center&#8220; custom_margin=&#8220;-2px||||false|false&#8220; custom_padding=&#8220;0px||||false|false&#8220; global_colors_info=&#8220;{}&#8220;]<\/p>\n<p style=\"text-align: center;\">info Bilder verkleinern mit dem PC<\/p>\n<p>[\/et_pb_text][\/et_pb_column][et_pb_column type=&#8220;1_5&#8243; _builder_version=&#8220;4.20.2&#8243; _module_preset=&#8220;default&#8220; global_colors_info=&#8220;{}&#8220;][\/et_pb_column][\/et_pb_row][\/et_pb_section][et_pb_section fb_built=&#8220;1&#8243; _builder_version=&#8220;4.20.2&#8243; _module_preset=&#8220;default&#8220; background_color=&#8220;#E09900&#8243; global_colors_info=&#8220;{}&#8220;][et_pb_row column_structure=&#8220;1_5,3_5,1_5&#8243; _builder_version=&#8220;4.20.2&#8243; _module_preset=&#8220;default&#8220; background_color=&#8220;#FFFFFF&#8220; background_image=&#8220;https:\/\/immo-maklerfrei-formulare.de\/wp-content\/uploads\/2023\/04\/hintergrund_wolken_min_b6.jpg&#8220; global_colors_info=&#8220;{}&#8220;][et_pb_column type=&#8220;1_5&#8243; _builder_version=&#8220;4.20.2&#8243; _module_preset=&#8220;default&#8220; global_colors_info=&#8220;{}&#8220;][\/et_pb_column][et_pb_column type=&#8220;3_5&#8243; _builder_version=&#8220;4.20.2&#8243; _module_preset=&#8220;default&#8220; global_colors_info=&#8220;{}&#8220;][et_pb_text _builder_version=&#8220;4.20.2&#8243; _module_preset=&#8220;default&#8220; text_font=&#8220;||||||||&#8220; text_text_color=&#8220;#000000&#8243; background_color=&#8220;#7CDA24&#8243; custom_padding=&#8220;20px|20px||20px|false|false&#8220; global_colors_info=&#8220;{}&#8220;]<\/p>\n<p style=\"text-align: center;\"><span style=\"color: #0000ff;\"><strong>Bilder verkleinern, warum?<\/strong><\/span><\/p>\n<p style=\"text-align: center;\"><span style=\"color: #8300e9;\"><em>Eine kurze Einf\u00fchrung\u00a0 zum Verst\u00e4ndnis<\/em><\/span><\/p>\n<p>Grunds\u00e4tzlich\u00a0 bestehen elektronische\u00a0 Bilder, wie alles in\u00a0 der Digitaltechnik, aus langen\u00a0 Reihen\u00a0 winzig kleiner\u00a0 Stromimpulse &#8211; genannt Bits. Jeweils 8 dieser Bits werden\u00a0 als 1 Byte bezeichnet und eine Anzahl dieser Bytes als Datenrate.<\/p>\n<p>In der elektronischen Bildbearbeitung werden die K\u00fcrzel KB und MB genutzt, \u00a0wobei 1 KB eintausend Bytes bezeichnet und 1 MB eine Million.<\/p>\n<p>Die <strong>Datenrate<\/strong> eines Bildes vervielfacht sich mit zunehmender Gr\u00f6\u00dfe rasant. Eine elektronische \u00dcbermittlung per Formular, akzeptiert h\u00e4ufig allerdings nur, eine solche von <strong>maximal 30 MB<\/strong>! Deshalb k\u00f6nnen die Bilder <strong>entweder nur\u00a0 in\u00a0 kleinen Mengen mehrmals hintereinander\u00a0<\/strong> oder\u00a0 aber <strong>\u201everkleinert\u201c,<\/strong> <strong>auf einmal<\/strong> \u00fcbermittelt\u00a0 werden.<\/p>\n<p>Keine Angst, dem Bild wird nichts abgeschnitten, <strong>verkleinert<\/strong> wird <strong>nur die Datenrate<\/strong> des\u00a0 Bildes.<\/p>\n<p style=\"text-align: center;\"><span style=\"color: #8300e9;\"><em>Warum macht es Sinn die Bilder selbst zu verkleinern?<\/em><\/span><\/p>\n<p>Die vollautomatische Bilderverkleinerung bei der\u00a0 Eingabe ins Formular, verwendet immer den h\u00f6chstm\u00f6glichen Verkleinerungsgrad. F\u00fcr die Betrachtung der Bilder per PC, Handy, Laptop oder Tablet, ist dies absolut ok.\u00a0 Doch\u00a0 schon beim zoomen\u00a0 des Bildes mit dem Handy oder Tablet, wird\u2019s problematisch. Auch\u00a0 die Darstellung mittels\u00a0 gr\u00f6\u00dferem PC-Monitor oder TV, l\u00e4sst dann doch, durchaus zu w\u00fcnschen \u00fcbrig. Zudem kann das Bild vor der Ver\u00f6ffentlichung, \u00a0oft nicht mehr sinnvoll nachbearbeitet\u00a0 werden.<\/p>\n<p>Mit Blick auf die <strong>30 MB<\/strong>-Grenze, verbleiben\u00a0 so noch\u00a0 zwei M\u00f6glichkeiten der Bilder\u00fcbermittlung:<\/p>\n<ul>\n<li>Entweder &#8211; nach vorhergehender, <strong>personeller Verkleinerung &#8211;<\/strong> bis zu zehn Bilder auf einmal zu senden <em>(empfohlen f\u00fcr mehrere Objekte),<\/em> oder aber<\/li>\n<li>die Bilder <strong>mehrfach<\/strong> in kleinen Mengen nacheinander zu \u00fcbermitteln. Eine sinnvolle Komprimierung erfolgt dann nach der \u00dcbertragung durch den\u00a0 Empf\u00e4nger.\u00a0 <em>(im gegebenen Fall also durch <a href=\"https:\/\/immo-maklerfrei.de\"><span style=\"color: #020202;\">immo-maklerfrei.de<\/span><\/a> oder\u00a0 immo-best-off.de).<\/em><\/li>\n<\/ul>\n<p>&nbsp;<\/p>\n<p>[\/et_pb_text][et_pb_text _builder_version=&#8220;4.20.2&#8243; _module_preset=&#8220;default&#8220; background_color=&#8220;#7CDA24&#8243; custom_margin=&#8220;||||false|false&#8220; custom_padding=&#8220;25px|25px|25px|25px|false|false&#8220; hover_enabled=&#8220;0&#8243; global_colors_info=&#8220;{}&#8220; sticky_enabled=&#8220;0&#8243;]<\/p>\n<p style=\"text-align: center;\"><em><span style=\"color: #8300e9;\">\u00a010 Bilder auf einmal &#8211; so wird\u2019s gemacht: <\/span><\/em><\/p>\n<p style=\"text-align: center;\"><span style=\"color: #3366ff;\"><em>(f\u00fcr die handy-Anleitung nutzen\u00a0 Sie &#8222;<strong><span style=\"color: #0000ff;\"><a href=\"https:\/\/immo-maklerfrei-formulare.de\/?page_id=2606\" target=\"_blank\" rel=\"noopener\" style=\"color: #0000ff;\">Bilder verkleinern handy<\/a><\/span><\/strong>&#8222;)<\/em><\/span><\/p>\n<p style=\"text-align: left;\"><strong>Vorbereitung:<\/strong>\u00a0 Bef\u00fcllen Sie einen neuen Ordner mit den Bildern, die Sie f\u00fcr Ihr Objekt ver\u00f6ffentlichen m\u00f6chten. <span style=\"color: #0b4bed;\"><em>Das 1. Bild ist das Hauptbild, die weiteren so, wie Sie diese der Reihenfolge nach\u00a0 in\u00a0 Ihrem Angebot sehen m\u00f6chten. <\/em><span style=\"color: #000000;\">Danach markieren Sie alle Bilder mit der Maus <span style=\"color: #0c71c3;\"><em>(Strg+A\u00a0 oder linke Maustaste dr\u00fccken und \u00fcber alle Bilder fahren). <\/em><span style=\"color: #000000;\">Jetzt\u00a0 das Verkleinerungsprogramm \u00f6ffnen. Klick auf &#8222;Bild komprimieren&#8220; <span style=\"color: #3366ff;\"><em>(Bild unten)<\/em><\/span> und dann Schritt f\u00fcr Schritt&#8230;.<\/span><em><\/em><\/span><\/span><\/span><em><span style=\"color: #8300e9;\"><\/span><\/em><\/p>\n<p style=\"text-align: left;\"><span style=\"color: #0b4bed;\"><span style=\"color: #000000;\"><span style=\"color: #0c71c3;\"><span style=\"color: #000000;\"><\/span><\/span><\/span><\/span><\/p>\n<ol>\n<li>Alle Bilder auf einmal in das Programm laden, den Verkleinerungsvorgang per Klick auf den\u00a0 Button &#8222;Bilder komprimieren&#8220; einleiten, abwarten und danach\u00a0 die komprimierten Bilder mit einem Klick\u00a0 auf den &#8222;Rei\u00dfverschluss-Button&#8220;\u00a0 <span style=\"color: #0c71c3;\"><em>(oben<\/em><\/span> <em><span style=\"color: #0c71c3;\">rechts)<\/span>,\u00a0<\/em> herunterladen. <span style=\"color: #036cc1;\"><em>(Es \u00f6ffnet sich die\u00a0 PC-Arbeitsfl\u00e4che mit den verkleinerten Bildern im verschl\u00fcsselten ZIP-Format).<br \/><\/em><\/span><\/li>\n<li><em> <\/em>Den automatisch angelegten ZIP-Ordner,\u00a0 extrahieren um die verkleinerten Bilder wieder sichtbar zu machen. <em><span style=\"color: #0c71c3;\">Dazu<\/span><\/em> <em><span style=\"color: #0064e0;\">einfach\u00a0 den\u00a0 gelben &#8222;Rei\u00dfverschluss-Button&#8220; in der Mitte oben anklicken und die ge\u00f6ffneten Bilder gemeinsam markieren &#8211; (linke Maustaste dr\u00fccken und \u00fcber die Bilder fahren)<\/span><\/em><\/li>\n<li>Das Upload-Formular <strong>&#8222;Bilder-upload Paketweise&#8220;<\/strong>aufrufen und die markierten Bilder mit einem Klick in das Uploader-Formular \u00fcbertragen. <span style=\"color: #3366ff;\"><em>(Einfach\u00a0 nur das up-load K\u00e4stchen antippen).<\/em><\/span><\/li>\n<li><em> <\/em>Den Upload-Vorgang abwarten bis alle grauen Balken \u00a0verschwunden sind.<\/li>\n<li><em> <\/em>Das Upload-Formular <strong>\u201eAbsenden\u201c<\/strong>.<\/li>\n<\/ol>\n<p>[\/et_pb_text][et_pb_text _builder_version=&#8220;4.20.2&#8243; _module_preset=&#8220;default&#8220; background_color=&#8220;#EDF000&#8243; height=&#8220;114px&#8220; custom_margin=&#8220;15px||15px||false|false&#8220; custom_padding=&#8220;20px|20px|0px|20px|false|false&#8220; global_colors_info=&#8220;{}&#8220;]<\/p>\n<p><strong>Klicke auf das folgende &#8222;Bild<\/strong> <strong>komprimieren&#8220;<\/strong> und es \u00f6ffnet sich\u00a0 das Verkleinerungs-Programm in einem neuen Fenster.\u00a0 Die Bilder entsprechen\u00a0 den\u00a0 Z\u00e4hlern 2. und 3.\u00a0 Ausprobieren\u00a0 und begeistert sein&#8230;.<img decoding=\"async\" src=\"https:\/\/immo-maklerfrei-formulare.de\/wp-content\/themes\/di-basis\/includes\/builder\/frontend-builder\/assets\/vendors\/plugins\/emoticons\/img\/smiley-surprised.gif\" alt=\"surprised\" \/><img decoding=\"async\" src=\"https:\/\/immo-maklerfrei-formulare.de\/wp-content\/themes\/di-basis\/includes\/builder\/frontend-builder\/assets\/vendors\/plugins\/emoticons\/img\/smiley-smile.gif\" alt=\"smile\" \/><\/p>\n<p>&nbsp;<\/p>\n<p>[\/et_pb_text][et_pb_image src=&#8220;https:\/\/immo-maklerfrei-formulare.de\/wp-content\/uploads\/2023\/11\/bilder_hochladen_zur_komprimierung_iloveigm.jpg&#8220; title_text=&#8220;bilder_hochladen_zur_komprimierung_iloveigm&#8220; url=&#8220;https:\/\/www.iloveimg.com\/de\/bild-komprimieren&#8220; url_new_window=&#8220;on&#8220; _builder_version=&#8220;4.20.2&#8243; _module_preset=&#8220;default&#8220; global_colors_info=&#8220;{}&#8220;][\/et_pb_image][et_pb_image src=&#8220;https:\/\/immo-maklerfrei-formulare.de\/wp-content\/uploads\/2023\/11\/hochgeladene_bilder_zur_komprimierung_bereit_iloveigm.jpg&#8220; title_text=&#8220;hochgeladene_bilder_zur_komprimierung_bereit_iloveigm&#8220; _builder_version=&#8220;4.20.2&#8243; _module_preset=&#8220;default&#8220; global_colors_info=&#8220;{}&#8220;][\/et_pb_image][et_pb_image src=&#8220;https:\/\/immo-maklerfrei-formulare.de\/wp-content\/uploads\/2023\/11\/bilder_wurden_komprimiert_igm.jpg&#8220; title_text=&#8220;bilder_wurden_komprimiert_igm&#8220; _builder_version=&#8220;4.20.2&#8243; _module_preset=&#8220;default&#8220; global_colors_info=&#8220;{}&#8220;][\/et_pb_image][\/et_pb_column][et_pb_column type=&#8220;1_5&#8243; _builder_version=&#8220;4.20.2&#8243; _module_preset=&#8220;default&#8220; global_colors_info=&#8220;{}&#8220;][\/et_pb_column][\/et_pb_row][\/et_pb_section]<\/p>\n","protected":false},"excerpt":{"rendered":"<p>info Bilder verkleinern mit dem PCBilder verkleinern, warum? Eine kurze Einf\u00fchrung\u00a0 zum Verst\u00e4ndnis Grunds\u00e4tzlich\u00a0 bestehen elektronische\u00a0 Bilder, wie alles in\u00a0 der Digitaltechnik, aus langen\u00a0 Reihen\u00a0 winzig kleiner\u00a0 Stromimpulse &#8211; genannt [&hellip;]<\/p>\n","protected":false},"author":1,"featured_media":0,"parent":0,"menu_order":0,"comment_status":"closed","ping_status":"closed","template":"","meta":{"_et_pb_use_builder":"on","_et_pb_old_content":"","_et_gb_content_width":"","_kadence_starter_templates_imported_post":false,"footnotes":""},"class_list":["post-2550","page","type-page","status-publish","hentry"],"_links":{"self":[{"href":"https:\/\/immo-maklerfrei-formulare.de\/index.php?rest_route=\/wp\/v2\/pages\/2550","targetHints":{"allow":["GET"]}}],"collection":[{"href":"https:\/\/immo-maklerfrei-formulare.de\/index.php?rest_route=\/wp\/v2\/pages"}],"about":[{"href":"https:\/\/immo-maklerfrei-formulare.de\/index.php?rest_route=\/wp\/v2\/types\/page"}],"author":[{"embeddable":true,"href":"https:\/\/immo-maklerfrei-formulare.de\/index.php?rest_route=\/wp\/v2\/users\/1"}],"replies":[{"embeddable":true,"href":"https:\/\/immo-maklerfrei-formulare.de\/index.php?rest_route=%2Fwp%2Fv2%2Fcomments&post=2550"}],"version-history":[{"count":101,"href":"https:\/\/immo-maklerfrei-formulare.de\/index.php?rest_route=\/wp\/v2\/pages\/2550\/revisions"}],"predecessor-version":[{"id":3503,"href":"https:\/\/immo-maklerfrei-formulare.de\/index.php?rest_route=\/wp\/v2\/pages\/2550\/revisions\/3503"}],"wp:attachment":[{"href":"https:\/\/immo-maklerfrei-formulare.de\/index.php?rest_route=%2Fwp%2Fv2%2Fmedia&parent=2550"}],"curies":[{"name":"wp","href":"https:\/\/api.w.org\/{rel}","templated":true}]}}